irst derivative of -a**3/3 + a**2 - 7*a + 392. What is z(6)?
-31
Let s(n) = -3*n**2 + 14*n - 28. Let w(j) = -j**2 + 5*j - 10. Let l(m) = 4*s(m) - 11*w(m). Let h(z) = z + 5. Let y be h(-7). Calculate l(y).
-8
Let c(k) = -2 + 2*k + 2*k**2 - 1 - k - 4*k. Determine c(3).
6
Let s(j) be the second derivative of 11*j - 1/12*j**4 + 0 - 3/2*j**2 - 5/6*j**3. Calculate s(-4).
1
Let z(c) = -c**3 - c**2 + c + 2. Let y(r) = -8*r - 9 + 0*r + 3*r + 5*r**2 + 5*r**3 - r. Let i(t) = 2*y(t) + 11*z(t). Give i(0).
4
Suppose 19*s - 91*s - 144 = 0. Let b(w) = -w**3 - 2*w**2 + 3*w + 2. Let l(g) = -3*g**3 - 9*g**2 + 13*g + 9. Let f(t) = 9*b(t) - 2*l(t). Give f(s).
22
Let b(p) = 3*p - 1. Let n be b(2). Let l be -1*(-33)/21 + (-9)/(-21). Let z(o) = 2*o**2 - o - o**l - o + n*o. Determine z(-2).
-2
Let g(p) = -9*p**2 + 5. Let v(i) = 5*i**2 - 3. Let m(d) = -4*g(d) - 7*v(d). Let x(a) = 3*a**2 + 11*a + 14. Let b(h) = 2*m(h) - x(h). What is b(-9)?
6
Let f be ((-118)/413 + (-15)/(-28))*-28. Let s(i) = -i**3 - 8*i**2 - 9*i - 4. Determine s(f).
10
Let f(r) = -r + 2*r + 3*r + 20. Let a be f(-6). Let u(d) = 3*d - d + 0*d. Determine u(a).
-8
Let x = 111 - 47. Let g(z) = 3*z**2 + 2*z**2 + x*z - 62*z + z**3 + 3. Suppose 5*u + 38 = 13. What is g(u)?
-7
Suppose 4*k = 44 - 16. Suppose -k*c + 40 = c. Suppose 2*r + 31 = 4*a + 9, c*r + 2*a + 19 = 0. Let y(z) = z**3 + 6*z**2 + 5*z - 2. Determine y(r).
-2
Let z(m) = 8*m - 10 + 2 + 28 - 7 - m**2. What is z(9)?
4
Suppose -4*f + 43 = 5*u, -3 - 1 = -f + u. Let d = -5 + f. Let q(g) = g**2 + 3*g - 6. Let a(v) = 3*v - 5. Let l(t) = -5*a(t) + 4*q(t). Give l(d).
11
Let f = -928 + 924. Let j(z) = -15*z - 61. Calculate j(f).
-1
Let o be 52/(-6) + (-2)/(-3). Let d be o/(-4 - -8) + 6. Let f(z) = -z + 5. Determine f(d).
1
Let b(j) = 6*j - 9*j**2 + 2 + 9 + 2*j**3 - 3*j**3 + 2*j**3. Determine b(8).
-5
Let m(i) = -i**3 + 6*i**2 - 6*i - 1. Let y be m(5). Let l(o) be the first derivative of o**2/2 + 13*o - 86. What is l(y)?
7
Let h(f) = 1. Let g(c) = -c - 7. Suppose -3*y = -0*y + 5*s + 79, 2*s + 26 = -y. Let z(b) = y*h(b) - 4*g(b). What is z(-3)?
-12
Let h(w) = -w**3 + 8*w**2 + 2*w - 21. Let x be h(8). Let n(j) = -j**3 - 4*j**2 + 5*j. What is n(x)?
0
Let y(h) = -3*h + h**2 + 2 - 5 + h - 3*h. Let g be y(4). Let m be ((-12)/(-7))/((-2)/g). Let j(s) = s - 1. Determine j(m).
5
Let b(d) = -5*d**3 + 9*d**2 + 3*d - 20. Let h(x) = x**3 - 2*x**2 - x + 2. Let r(v) = -b(v) - 4*h(v). What is r(0)?
12
Suppose 21*h + 12 = 23*h. Let w(f) = -f**2 + 2*f + 7. Give w(h).
-17
Let n be (-4)/(-12)*(-12)/(-2)*1. Let o be n + -1 + 0 + 5. Let u(a) = -a**3 + 5*a**2 + 9*a - 4. Determine u(o).
14
Let c(t) = t + 31. Suppose 0 = -4*u + 21*u. What is c(u)?
31
Let r(j) be the first derivative of -j**4/4 + 8*j**3/3 - 5*j**2/2 - 7*j - 205. Determine r(7).
7
Let u(w) = -2*w**3 - 3*w**3 + 3*w**2 + 2*w**2 + w + 6*w**3 - 6. What is u(-4)?
6
Let f(l) = l**3 + 3*l**2 - 5*l - 5. Let o be f(-4). Let y(t) be the second derivative of 32*t + 0 - 1/6*t**3 + 1/2*t**2. What is y(o)?
2
Let s = 4 - 3. Suppose -s = -2*u - 13. Let d(b) be the third derivative of -b**6/120 - 7*b**5/60 - b**4/4 + 4*b**3/3 - 6*b**2 + 4. What is d(u)?
8
Let a be (-2 - (3 - 4)) + 1. Suppose 3*v = -2*b + 58, 0 = -a*v - 5*v + 3*b + 65. Suppose v*l + 4 = 18*l. Let n(u) = 4*u - 1. Give n(l).
7
Let n(t) = -t. Let a(b) = b**2 + 12*b - 4. Let o(c) = -a(c) - 6*n(c). Let j(d) = d - 7. Let q be j(0). Determine o(q).
-3
Let c(y) = -192*y**2 - 156*y**2 + 3*y + 349*y**2 + 3. Suppose -16 = -q + 5*s, -2*q + s - 28 = 6*s. What is c(q)?
7
Let z(h) = -h**3 + 6*h - 3. Suppose 20*r - 36*r = 48. What is z(r)?
6
Let d(v) be the first derivative of v**4/4 - 5*v**3/3 - 3*v**2 + 61. Give d(6).
0
Suppose 9*i + 29 = 47. Let h(l) = -2*l**2 - l + 2. What is h(i)?
-8
Let a(k) be the first derivative of k**3/3 - k**2 + k + 1. Suppose 86*s + 10 = 91*s. What is a(s)?
1
Let n(m) = 4*m - 9. Suppose -6*z + 5*z = 3*o - 10, -3*z = 6. Determine n(o).
7
Let z be ((45/9)/10)/((-1)/8). Let s(j) = -11*j - 6. Calculate s(z).
38
Suppose 5*f = -3*c + 406, -2*f + 522 + 180 = 5*c. Let t = -137 + c. Let r(p) = -2*p + 6. Give r(t).
-4
Let y = 17 - 15. Let m(v) = -v**y + 12*v - 8*v - 4*v - 5*v. What is m(-3)?
6
Let m(x) = -11*x - 4. Let a be 3/(-7) - (-10)/7. Let h(z) = 1. Let d(s) = a*m(s) + 3*h(s). Calculate d(1).
-12
Let q(a) = 2*a**3 + 3*a**2 + 2*a - 14. Let k(t) = -t**3 - 2*t**2 - t + 9. Let f(i) = -8*k(i) - 5*q(i). Calculate f(-2).
22
Let u(j) be the first derivative of j**4/4 - 3*j**3 + 5*j**2 - 3*j - 2. Determine u(8).
13
Let z = -178 + 190. Let n(p) = -2*p + 17. Determine n(z).
-7
Let a = -14 + 10. Suppose 3*b = -2*n - 3, -3 = 5*n + 4*b + 1. Let i(y) = y - y - y + n*y - 2. What is i(a)?
2
Let q(w) be the third derivative of w**6/120 + w**5/6 - 7*w**4/12 - 4*w**3/3 + 85*w**2. What is q(-11)?
25
Let v(d) = -1. Let a(c) = c**2 + c + 10. Let r(x) = a(x) + 5*v(x). Let l(u) be the first derivative of u**2/2 + 7. Let p be l(0). Calculate r(p).
5
Let x = 36 + -42. Suppose 4 = 5*y - y. Let s(n) = 1. Let h(b) = 6*b + 4. Let z(d) = x*s(d) + y*h(d). Give z(2).
10
Let a(g) = 8*g - 4. Suppose -188 + 41 = 49*u. What is a(u)?
-28
Let i(k) = 1. Let y(z) = -z. Let q(f) = -2*i(f) - y(f). Let d be ((-2 - -4) + -5)/(-1). Give q(d).
1
Let f be (1 - 7/2)*-2. Suppose 3 + f = 4*j. Let k(t) = j + t + 0 - 1 - 4*t**2 - t**3. Determine k(-4).
-3
Let h(t) be the second derivative of -t**5/20 - 7*t**4/12 - 2*t**3/3 + 9*t - 4. Give h(-6).
-12
Let h(a) = a**2 - 9*a + 5. Suppose -46*t + 44*t + 14 = 0. Calculate h(t).
-9
Suppose s + 2*m + 7 = 0, 0*m - 5*m - 21 = 3*s. Let c(l) = 4*l**2 - 3*l**2 + 2*l**2 - 4 - l**3 + 5*l - 9*l**2. Determine c(s).
10
Let l(h) = -5*h + 7. Let c(f) = 2*f - 3. Let w(r) = 7*c(r) + 3*l(r). Let s be 0 - (-2 - (-2)/(-2)). Suppose g = 5*n - 0*g + 4, 0 = s*n + g + 4. What is w(n)?
1
Suppose 4*l + w = -w + 18, -w = -l. Suppose 0 = -3*j + 2*s + l*s - 160, -j - 20 = 5*s. Let c be 7/(-9) - (-10)/j. Let a(q) = -q**3 + q. What is a(c)?
0
Let f(k) = -4*k + 5. Let v(q) = q - 1. Let z(p) = -4*f(p) - 14*v(p). What is z(5)?
4
Let z = 22 - 18. Suppose 0 = -2*x - z - 8. Let j(f) be the second derivative of f**5/20 + 7*f**4/12 + f**3 + f**2/2 + 2*f. What is j(x)?
1
Let t(p) = -81*p + 34*p - 13 + 44*p. Give t(-9).
14
Let b(m) = 3*m**3 + 19*m**2 - 8*m + 5. Let y(f) = -f**3 - 6*f**2 + 3*f - 2. Let c(p) = -2*b(p) - 7*y(p). Give c(-5).
4
Let t(b) = -1 - 2*b - 4 + 1. Let h(x) = -x - 3. Let o(j) = -3*h(j) + 2*t(j). What is o(3)?
-2
Let g(t) = t + 3. Suppose 9*a + 5*o + 35 = 14*a, 14 = 2*a - 3*o. Determine g(a).
10
Suppose 0*p - 109 = -5*h - p, -3*p = 2*h - 54. Let x = h - 24. Let v(l) = l - 4. Calculate v(x).
-7
Let o(y) = y. Let k be o(1). Let v(b) = 3*b**3 - b**2 + b - 1. Let m be v(k). Let p(z) = 7 - z**2 - 5 - 4 + 8 - m*z. What is p(-5)?
-9
Let w(l) = -l**2 + 5*l - 2. Let r be w(4). Suppose 2*d = -r*d + 8. Let s(y) = -7*y**2 + 4*y + 0*y**2 - 3 + 4*y**2. Determine s(d).
-7
Let j(r) = r + 0*r + r**3 - 2*r + 9*r**2 - 2*r + 11 + 14*r. Let c = 2 - 10. Calculate j(c).
-13
Let a = -990 + 991. Let h(q) = -8*q**3 - q**2 + 4*q - 3. Calculate h(a).
-8
Let v(n) = 9*n + 1656*n**3 - 1655*n**3 - 7 + 0*n**2 - 7*n**2. Let q be v(6). Let t(m) = m - 17. Calculate t(q).
-6
Let z(b) = -5731*b + 5730*b - 9 - b**2 - 11. Calculate z(0).
-20
Let q(h) = -h**2 - 15*h - 11. Suppose 2*k + 69 = -3*k - w, -4*k = 5*w + 51. Calculate q(k).
3
Let o(r) = -r**2 + 6*r + 1. Let s = -247 + 253. Determine o(s).
1
Suppose -4*b = 4*f + 8, -2*f + b + 6 = -2. Let h = -2 + 2. Suppose -f*o - 8 = 4*x, -o - 1 + 3 = h. Let g(v) = v**2 + 2*v + 1. What is g(x)?
4
Let b(h) = h - 4. Let j = 1269 + -1274. What is b(j)?
-9
Let a = -178 - -181. Let h(t) be the third derivative of 0 - 2*t**2 + 1/3*t**a + 0*t - 5/24*t**4. Calculate h(2).
-8
Let r = 221 - 220. Let s(q) = -4*q**2 + q - 1. Calculate s(r).
-4
Let o be ((10 - 6) + 10 + -4)/2. Let t(p) = 3*p**2 - 13*p + 3. What is t(o)?
13
Let f(u) = u**3 + 3*u**2 + 3*u + 1. Let q(j) = -j**2 + 5*j + 10. Let a be q(6). Suppose -4*i = -p - 19, -15 = a*p - 3*p - 3*i. Give f(p).
-8
Let a(t) = 5*t**2 - 14*t + 5. Let d(m) = -4*m**2 + 15*m - 7. Let x(f) = -3*a(f) - 4*d(f). What is x(17)?
-4
Let u be 4/(-10)*(2 - 32). Let f = u - 7. Let z(q) = q**3 - 1 + 5*q + 5 + 0 - f*q**2 - 2. What is z(4)?
6
Let d be 15/10*42/9. Let